 - 29, 4*k - 12 = -2*t. Let h = t + 8. Let m = h - 2. Give y(m).
8
Let p(a) = -4*a**2 + 3*a - 6. Let x(i) = -5*i**2 + 3*i - 6. Let s(u) = 6*p(u) - 5*x(u). Let k(o) = o**2 + 8*o + 7. Let t be k(-2). What is s(t)?
4
Let k(a) be the third derivative of 1/120*a**6 + 0 - 13*a**2 - 1/12*a**5 - 1/8*a**4 + 0*a + 0*a**3. What is k(5)?
-15
Suppose 0 = 2*r - 3*q - 6, 4*r - 12 - 22 = -5*q. Let v be 6*-1*(-7)/r. Let w(o) be the second derivative of o**5/20 - 7*o**4/12 - 5*o**2/2 + o. Give w(v).
-5
Let y(w) = -4*w - 11. Let p(g) = g + 1. Let r be 2/(0 - -2)*5. Suppose r*x = -5*n + 20, -x - 5 = -6*x - 2*n. Let o(s) = x*y(s) - 3*p(s). What is o(-5)?
3
Let h(q) = 15 + 0*q + 0*q - 18 - 3*q + 2*q. Determine h(-2).
-1
Let q = 11 + -10. Suppose -5*s = v - 5, 3*s = 2 + q. Let f = -6 - v. Let j(g) = g + 5. Determine j(f).
-1
Let u(a) = -a**2 - a - 13. Suppose 0 = -p - s, -3*p + 9*s - 11*s = 0. What is u(p)?
-13
Let a = -2 + 6. Suppose h = -h - 5*l - 17, a*h - 3*l = 31. Let t(x) = -2*x**2 - h*x**2 + 5*x**2 + 3 - 1. Give t(2).
-2
Let h(j) = j**3 + 7*j**2 + 8*j + 1. Suppose 0 = -4*a - 13 - 315. Let l = 76 + a. Determine h(l).
-11
Let m = -44 - -48. Let n(l) = 2*l**3 + m*l**2 - 2*l - 12*l**2 + 7*l**2. What is n(2)?
8
Let n(a) = a**3 + 7*a**2 + a - 3. Let t(d) = d**2 + 6*d. Let l be t(-5). Let u(z) = -z**3 - 7*z**2 - z + 4. Let r(s) = l*u(s) - 6*n(s). Determine r(-7).
5
Let m(l) be the third derivative of -l**5/30 - l**4/24 - l**3/6 - 113*l**2. Determine m(2).
-11
Let x(w) = w**2 + 6*w - 61. Let v be x(-11). Let s(f) = f**2 + 6*f + 13. Determine s(v).
13
Let m(l) be the first derivative of 4*l**3/3 - 7*l**2/2 - l + 7. Let f(y) = 3*y**2 - 6*y - 1. Let d(p) = -6*f(p) + 5*m(p). Determine d(-1).
2
Let b(p) = 2*p - 3. Let z = 0 - -2. Let l be (-1 - -8) + z + -3. Let y(c) = c**2 - 4*c - 8. Let f be y(l). What is b(f)?
5
Let f(z) = z - 1. Suppose 104 = -3*t + 113. Calculate f(t).
2
Let j(p) = -p - 3. Let y = -35 - -36. Suppose 3*f + y = -14. Calculate j(f).
2
Let m(i) = -i**3 + i**2 - i + 15. Let j be 0/((12/(-14))/((-48)/112)). Determine m(j).
15
Let r(u) = 7*u**2 + 10*u + 6. Let d(y) = -6*y**2 - 10*y - 5. Let l(q) = -6*d(q) - 5*r(q). Give l(-8).
-16
Let u(r) = -35*r - 34. Let o(p) = 20*p + 17. Let s(q) = 5*o(q) + 3*u(q). What is s(-5)?
8
Let d be (4/6)/(-2)*(20 + -5). Let n(s) = -s**2 - 8*s + 3. Let c(q) = 2*q**2 + 15*q - 7. Let v(u) = 4*c(u) + 7*n(u). Determine v(d).
-2
Let b = 389 + -368. Suppose -3*k + 57 = k - r, 4*k = 3*r + 59. Suppose 7*c - 2*c - u = b, k = 2*c + u. Let n(f) = f - 1. Determine n(c).
4
Let i(x) = 7*x - 1. Let f = -17 + 13. Suppose 2*g = -2, g + 15 = 2*z - 4*g. Let q = f + z. Determine i(q).
6
Let v(n) = -6*n**2 - n. Suppose -3*d = -x + 78, 52 = -4*d + 2*d - 5*x. Let a = d - -19. Let c = a - -6. What is v(c)?
-5
Let q(b) = 4*b - 2. Suppose -2*m = -3*u + 3*m + 5, -2*m = -2*u + 6. Suppose 0 = 4*d - 4*j, 3*d - u - 1 = 5*j. Determine q(d).
-14
Let u(y) = 950*y**2 + y + 2 - 2825*y**2 + 938*y**2 + 942*y**2. Calculate u(2).
24
Let u(h) = 6*h**3 + h**2 - h + 1. Let x = 42 + -41. Give u(x).
7
Suppose 50 = -3*y + 59. Let l(h) = 0*h**3 + h**2 + 2*h**3 + 2 - 3*h - 3*h**3 + 4*h**2. Give l(y).
11
Let c(i) be the third derivative of -i**4/24 + 3*i**3/2 + 22*i**2. What is c(9)?
0
Suppose -67 = 6*z - 103. Let o(b) = b**2 - 5*b + 9. Give o(z).
15
Let y(k) = 13*k**3 + k**2 - 1. Suppose -3*x - 5*p - 12 = -9, 0 = 2*p. Calculate y(x).
-13
Let l = 104 - 95. Let n(h) = -h**2 + l - h**2 - h**3 - 20 + 9. Calculate n(-3).
7
Suppose 3*q = 0, 4*q + 2 + 4 = 2*n. Let v be 3 - (7 + (n - 0)). Let k(c) = -c - 12. What is k(v)?
-5
Let m(u) = -u + 5. Let t(j) = j - 2. Let p(z) = 4*m(z) + 5*t(z). What is p(-6)?
4
Let a(n) = n**2 + 2*n + 3. Let b be 3 + 2 - (-2)/((-2)/2). Suppose -5*f = -c + 7, -b*c = f + 2*c + 17. Determine a(f).
3
Let y(w) be the second derivative of w**3/6 - 7*w**2 + 69*w. What is y(6)?
-8
Let p = 7 + -4. Suppose -p*l = l - 28. Let s(y) = 1 + 5*y + 5*y**2 - 2 - l*y + 0*y. Determine s(-1).
6
Let u be 324/(-42)*(-14)/3. Suppose 2*o = -2*o + u. Let n(w) = o + w - 4 + 2 + 0*w. Give n(-3).
4
Let t(g) = 5*g - 1. Let k(r) = -2*r. Let q(f) = -2*k(f) - t(f). Calculate q(-2).
3
Suppose -4*d + 5*o = -4, -28 = -18*d + 20*d + 5*o. Let q(m) = m. What is q(d)?
-4
Let t(f) = 2 - f**2 - 4*f - 14*f + 17*f + 0*f**2. Suppose 3*d - u = 8 - 22, 0 = 3*d + 5*u - 16. What is t(d)?
-4
Let v(f) = -f**2 + 2. Let t be (-8 + 16)/(5*4/10). Calculate v(t).
-14
Let x(h) = -h**3 + 12*h**2 - 6*h - 11. Let s(v) = -v**3 + 13*v**2 - 7*v - 12. Let f(d) = 4*s(d) - 5*x(d). What is f(7)?
-28
Let p(z) be the third derivative of z**6/24 - z**5/60 - z**4/24 - 35*z**2. Let t(o) = -o**2 + 9*o - 5. Let x be t(7). Let l = x - 10. What is p(l)?
-5
Let a(m) = -m**3 + 7*m**2 - 4*m - 2. Let z(p) = p**2 + 11*p + 24. Let c be z(-9). Determine a(c).
10
Let i(d) = 5*d**2 + 3*d - d - 3*d. Suppose 0 = 4*m - 13 - 15. Suppose 5*o = -2 + m. What is i(o)?
4
Let s = -8 + 11. Let r be (-4 - (-5 + 2)) + s. Let c(i) = 3 + i**2 + 6*i - r*i - 4. Calculate c(-5).
4
Let b(j) be the second derivative of j**5/20 - 2*j**4/3 + 7*j**3/6 - 5*j**2/2 + 5*j + 1. Give b(7).
-5
Let w(r) = -r**2 + r. Let m(q) = q**3 - 10*q**2 + 9*q + 5. Suppose 0*n + 4*n = 36. Let c be m(n). Suppose c*b = -2*a - 10, -4 = 4*a - 0*b + 2*b. What is w(a)?
0
Let u(x) = -x**3 + 8*x**2 + 14*x - 6. Let a(d) = -3*d**3 + 24*d**2 + 41*d - 18. Suppose 6*v - 6 = -30. Let b(y) = v*a(y) + 11*u(y). Give b(9).
-3
Let o(r) = -3*r. Let a(n) = -n. Let m(j) = -8*a(j) + 3*o(j). Let t(d) = 3*d + 7. Let b(c) = -4*m(c) - t(c). Determine b(8).
1
Let o(k) = -4*k + 3. Let h(p) = 2*p. Let a(t) = 3*h(t) + o(t). Calculate a(-4).
-5
Let g(n) = n**2 + n - 1. Suppose -10*k - 31*k - 82 = 0. Give g(k).
1
Let z be ((-42)/12 + 2)/(3/(-2)). Let c(n) = 2 + 4*n**2 - n**2 - 2*n - 4*n**2 - z. Calculate c(-2).
1
Let f be ((-981)/(-54) - 13) + 1/(-6). Let x(n) be the third derivative of -n**5/60 + n**4/8 + n**3/2 - n**2. Determine x(f).
-7
Let b(p) = 5*p + 2. Let u(n) = -35*n - 11. Let z(o) = -5*b(o) - u(o). Give z(-4).
-39
Let s(r) = -r**3 - 3*r**2 - 3*r + 2. Let g be (15/(-20))/(9/36). What is s(g)?
11
Let l(y) be the first derivative of -y**3/3 - 9*y**2/2 + 14*y - 140. Determine l(-11).
-8
Let r(a) = a - 2. Suppose 0 = -4*v - 75 + 43. Give r(v).
-10
Let t(z) = 8. Let y(w) = -5*w - 3. Let j(a) = 2*t(a) - y(a). Give j(-4).
-1
Suppose -4*b - 16 = 2*y, -3*y + 5*b = -0*y + 46. Let p = y - -8. Let w(d) = -2*d - 1. Give w(p).
7
Let x be -3 + 1 + 1*8. Let z(t) be the first derivative of -t**3/3 + t**2 + 5*t + 292. What is z(x)?
-19
Let o be (-3 - 1) + 2 + 0. Let p(x) = -x**3 - 2*x**2 - 2*x. What is p(o)?
4
Let k(r) = r**3 + 4*r**2 + 5*r + 4. Suppose 0 = -4*o - 10 - 6. Let s be (-1)/(o - 26/(-6)). What is k(s)?
-2
Let v(u) be the second derivative of u**4/12 + 7*u**2/2 - u + 6. Give v(0).
7
Let s(d) = d**2 - 3*d - 4. Let t be s(3). Let o be (-102)/(-27) - t/18. Suppose o*g = g - 15. Let h(j) = -j - 7. Give h(g).
-2
Suppose 2*k + 2*h + 38 = -12, -4*k = -4*h + 140. Let y = k + 35. Suppose -2*c = -4*c + 5*f + 11, -13 = y*c + f. Let w(q) = q**2 - 2*q. Give w(c).
8
Let i(u) be the first derivative of u**4/4 - 3*u**3 + 3*u**2 + 11*u - 47. Suppose 3*w = 15 + 9. Give i(w).
-5
Suppose 4*w = -3*t + 9, -w + 5*t - 4*t + 4 = 0. Let q(m) be the first derivative of 1/3*m**w + 5 + 5*m - 2*m**2. Determine q(4).
5
Suppose 66 = 65*u - 32*u. Let i(d) = 7*d**2 - 3. Determine i(u).
25
Let a(l) = 2*l - 4. Let r be a(9). Let x(d) = -r + 23 - 2*d - 17. Calculate x(-6).
4
Let l(o) = -4*o. Let j(s) = -s**3 + 8*s**2 - 14*s + 6. Let z be j(4). Suppose -7*m = z + 7. Calculate l(m).
12
Let h(i) = -i**2 - 8*i + 3. Let g be h(-8). Let p(v) = 4*v - 4*v - g*v. Let c be (1/(-3))/((-2)/12). What is p(c)?
-6
Suppose -2*u - 3*b + 11 = 0, -u + 1 = b - 4*b. Let z(h) be the first derivative of h**2/2 - 4*h + 630. Give z(u).
0
Let o(r) = -r**2 - 3*r - 2. Suppose 2*u = -5*h + 2 + 26, 0 = -4*u + 3*h + 4. Let p(x) = -4*x**3 + 3*x**3 + 2 + 3*x**2 + 2*x + 2. Let f be p(u). Calculate o(f).
-6
Let m = 5 + -2. Let y(g) = 6*g - 16. Let w be y(7). Let t(i) = -55*i + 28*i + w*i. Calculate t(m).
-3
Let x(h) = 9*h**2 - 5*h - 1. Let b(j) = -2*j**2 + j. Let o be (7/((-63)/(-6)))/(12/(-18)). Let r(i) = o*x(i) - 5*b(i). Calculate r(2).
5
Let d(j) = -j**3 - 2*j**2 + 4*j - 3. 